 x be (13/(-4))/((-1)/4). Let c = x - 7. What is the remainder when h is divided by c?
4
Suppose 6*g - 4*g = 0. Suppose -2*r + r + 13 = g. What is the remainder when 37 is divided by r?
11
Let m(t) = t**2 - 13 + 13 - 6*t. Let f(w) = 6*w**2 + 3*w + 1. Calculate the remainder when m(11) is divided by f(-2).
17
Suppose 3*n = -2*b + 5*b - 33, 1 = -b - 3*n. Suppose -b*s = -6*s - 62. Calculate the remainder when s is divided by 16.
15
Suppose 0 - 4 = -t. Suppose o + 2*o = 33. What is the remainder when o is divided by t?
3
Suppose 198 - 36 = 2*m. Let j = m + -48. What is the remainder when j is divided by (17*1)/((-9)/(-9))?
16
Suppose 3*f - 5*z = 35, -5*f = -5*z - 53 - 2. Suppose 2*j = -4*p - 40, 3*j + 5*p + f = -49. Let l = 29 + j. Calculate the remainder when 32 is divided by l.
10
Calculate the remainder when 14 - (-6)/(-1 + 3/(-3)) is divided by 6.
5
Let d(i) = -i**3 + 6*i**2 + i - 4. Let w(m) = m**3 + 7*m**2 - 10*m - 2. Calculate the remainder when d(5) is divided by w(-8).
12
Suppose -d + 1 = -8. Suppose -4*i = q - 99, -16 = i - 2*i - 2*q. What is the remainder when i is divided by d?
8
Suppose -x + 0*b + 18 = b, -5*x = b - 74. What is the remainder when 69 is divided by x?
13
Let p(m) = m**3 + 7*m**2 - 5*m - 12. What is the remainder when 45 is divided by p(-7)?
22
Suppose 3*t = 5*j - 543, -2*t + 0*t - 357 = -5*j. What is the remainder when (-8)/12*t/4 is divided by 11?
9
Suppose -m + 10 = -3. What is the remainder when m is divided by 8?
5
Suppose 4*n - 7 = 17. Let k be -1 - (-2 - (-1 + 0)). Suppose k = 3*p - 13 - 20. Calculate the remainder when p is divided by n.
5
Let h = 40 + -24. What is the remainder when h is divided by 6?
4
Let y = 14 - 10. Let k = 40 + -37. Suppose k*n = 22 - y. What is the remainder when n is divided by 3?
0
Let g(u) = u**3 - 2*u**2 - 4*u - 1. Let w be g(4). Suppose -p = -3*p + 3*v + 17, 5*v + w = 0. Calculate the remainder when p is divided by 3.
1
Let b(x) = x**2 + x + 41. What is the remainder when b(0) is divided by 7?
6
Suppose -3*h = 4*p - 6*h - 165, p - h - 42 = 0. Suppose -2*c = -30 + 2. Calculate the remainder when p is divided by c.
11
Let x = -4 - -10. Suppose -3*j + 6 = -x. Suppose j*a - 2 - 10 = 0. What is the remainder when 5 is divided by a?
2
Let f = -83 + 117. Let h(z) = -4*z + 2. Calculate the remainder when f is divided by h(-4).
16
Let o(d) = -d**3 + 5*d**2 - 3*d - 3. Let h = 3 - 0. What is the remainder when 10 is divided by o(h)?
4
Suppose 0*u = 5*u - 555. Let y = 79 - u. Let o = y + 61. What is the remainder when o is divided by 15?
14
Suppose -5*q - 7 = -77. Calculate the remainder when q is divided by 3.
2
Let p = 125 + -117. What is the remainder when 52 is divided by p?
4
Calculate the remainder when 117 is divided by (-3)/((-171)/(-60) - 3).
17
Suppose -99*i + 165 = -96*i. Calculate the remainder when i is divided by 31.
24
Let h = -2 + 2. Suppose 0*s - 3*s + 30 = h. Calculate the remainder when 18 is divided by s.
8
Let c(r) = -6*r - 2. What is the remainder when c(-5) is divided by 10?
8
Let w = 13 - 8. Suppose 32 = -o + 5*o + 4*i, -w*o + i + 64 = 0. Calculate the remainder when o is divided by 7.
5
Let d(y) = -3*y - 2. Let z(j) = -j. Let p(w) = d(w) + 5*z(w). Calculate the remainder when 41 is divided by p(-3).
19
Suppose -4*m + 7*m = 5*w - 273, 5*m = 3*w - 151. Calculate the remainder when 226 is divided by w.
55
Suppose -3*v + 10 = -2*v. What is the remainder when 26 is divided by v?
6
Suppose 56 - 13 = w. What is the remainder when w is divided by 23?
20
Suppose -2*h = -4*t - 0*h + 12, 4*t + h = 6. Suppose -87 = -t*b - 3*q, 5*b - 5*q - 118 = 162. What is the remainder when b is divided by 18?
15
Let i be 22/77 - 4/14. Suppose i = 5*o + 12 - 52. What is the remainder when 14 is divided by o?
6
Let y(j) = j**2 + 1. Suppose -43 = -3*n - 4. Let m = n + -4. What is the remainder when y(4) is divided by m?
8
Let w(x) = 8*x**2 - 2*x + 3. Let v(b) = b**2 - b + 1. Let z(c) = -2*v(c) + w(c). What is the remainder when z(-2) is divided by 9?
7
Suppose -27 = -11*z + 10*z. Calculate the remainder when z is divided by 7.
6
Suppose 2*k = 3*b + 48, -26 = -k + 4*b - 2*b. Suppose 3*r = 4*w + 133, r = 5*r + 4*w - 224. Calculate the remainder when r is divided by k.
15
Let k be 2/(3 - 2 - -1). Suppose -4 = -r + k. What is the remainder when (24/18)/((-1)/(-6)) is divided by r?
3
Let u = -61 - -8. Let c = u + 97. Let d(a) = a**3 + 10*a**2 - 42*a - 16. What is the remainder when c is divided by d(-13)?
21
Suppose 4*v + b = -2*b + 19, 3*v + 4*b - 9 = 0. Suppose -24 = -2*t - 0*t. Calculate the remainder when t is divided by v.
5
Let n(s) be the first derivative of s**4/2 - s**3/3 + 2*s - 15. Let v = -1 - -4. Calculate the remainder when n(v) is divided by 12.
11
Let a = -7 - -25. What is the remainder when 52 is divided by a?
16
Suppose 9*a - 6*a = 90. Calculate the remainder when (-4)/(-16) - (-227)/4 is divided by a.
27
Let r = 97 + -82. Calculate the remainder when 27 is divided by r.
12
Calculate the remainder when 61 is divided by (51/34)/(1/14).
19
Let s(w) = 4*w**2 - 6*w**2 + 4 - 3*w + w**2. Let b be s(-3). Let y(u) = -u**3 + 5*u**2 + 4*u + 5. What is the remainder when y(b) is divided by 10?
7
Let k = 0 + 18. Let i = k - 11. Calculate the remainder when i is divided by 5.
2
Let r = -2 + 14. Calculate the remainder when 47 is divided by r.
11
Let a(q) = 3*q - 15. Calculate the remainder when (4/(-2) - -4) + 14 is divided by a(8).
7
Let t be 260/(-6)*(-3 - 0). Suppose -44 = -3*v + 5*i, -4*v - 3*i = v - t. What is the remainder when 43 is divided by v?
20
Calculate the remainder when 23 is divided by ((-2)/(-3))/(2 + 52/(-27)).
5
Let f = 27 - 7. Calculate the remainder when 79 is divided by f.
19
Suppose 69 = 4*o - o. Let f = 30 - 18. Calculate the remainder when o is divided by f.
11
Suppose 12*a - 395 = -47. What is the remainder when 115 is divided by a?
28
Let n(d) = 4*d**2 + d - 1. Let r be n(1). Suppose -32 = -3*o + r. Calculate the remainder when 21 is divided by o.
9
Let h = 0 + 4. Suppose 0 = 5*w - a, h*w = 2*w + 2*a - 8. What is the remainder when w is divided by 1?
0
Suppose 70 = 25*x - 18*x. Suppose -w + 12 = -17. What is the remainder when w is divided by x?
9
Let r = 7 + -5. Calculate the remainder when (30 + -1)*(r - 1) is divided by (-3)/(-12) - (-39)/4.
9
Let d(i) = -2*i - 6. Let g(y) = -y**3 + 7*y**2 + 8*y + 3. Let n be g(8). Suppose -4*u - 5 = -n*u. Calculate the remainder when 13 is divided by d(u).
1
Suppose -n = -8 - 0. Calculate the remainder when 2 - -7*(-2 + n) is divided by 15.
14
Let m be 0/(4 + -8 + 0). Let h = 10 - m. What is the remainder when 29 is divided by h?
9
Let v = -45 - -54. Suppose -144 = 3*u - 6*u. Suppose -4*h = -5*j + 41, v = -4*j - 3*h + u. What is the remainder when j is divided by 3?
0
Let t = 6 - 5. Let o = t - -13. What is the remainder when ((-106)/(-3))/((-4)/(-6)) is divided by o?
11
Let h = -3 - -5. Suppose -172 = -h*n - 2*n. What is the remainder when n is divided by 15?
13
Let d(n) = -n**3 - 6*n**2 - 13*n + 3. Calculate the remainder when 169 is divided by d(-5).
40
Let d = -1 + 17. Let j = 30 - 1. Calculate the remainder when j is divided by d.
13
Suppose -3*d + 120 = 5*l + 2*d, l = 3*d + 8. What is the remainder when 57 is divided by l?
17
Let d(z) = -z**2 + 7*z + 4. Suppose -3*k = 4*v - 22, 3*v = 2*k + 19 + 6. Let l be d(v). What is the remainder when 4 is divided by 6/l*12/9?
0
What is the remainder when 49 is divided by (-4 - 58/(-14)) + (-354)/(-21)?
15
Let x be (2 - (2 - 1))*3. Suppose 4*a - 3*s + 2*s - 16 = 0, x*a = -4*s + 12. Calculate the remainder when a is divided by 2.
0
Let c = -21 + 15. Let i = -59 - -71. Calculate the remainder when (-4)/i + (-224)/c is divided by 13.
11
Let k(n) = 0*n - 2*n + 4*n. Let d be k(2). Suppose -51 = -4*q - l, -50 = -3*q + d*l + 12. Calculate the remainder when q is divided by 5.
4
Let f(t) = 9*t - 1. Let r(h) = -2*h - 3. Let x be r(-4). What is the remainder when f(x) is divided by 23?
21
Suppose 4*y + 3*s = 117, 5*y = s + s + 152. What is the remainder when 56 is divided by y?
26
Suppose 5*o + 2*m - 311 = 2*o, -o + 102 = -m. Calculate the remainder when o is divided by 26.
25
Suppose -3*q = 9 - 27. Suppose r - q = -r. Calculate the remainder when 14 + 6/(9/r) is divided by 9.
7
Suppose 5*o - f - 1